tors of (-288)/48*406/(-3).
2, 7, 29
Let b be 86 + -4 + 1 + 6. Suppose -b - 15 = -8*j. What are the prime factors of j?
13
Let v(p) = -11*p - 4. Let q(z) = -32*z - 12. Let x(m) = 3*q(m) - 8*v(m). List the prime factors of x(-4).
2, 7
Suppose 4*c = 31 - 11. Suppose -l - 2*b = -67, -2*b + 335 = c*l - 0*b. List the prime factors of l.
67
Let f = 1177 + -114. What are the prime factors of f?
1063
Suppose -3*x = -q + 2545, 3*q = x + 6038 + 1565. What are the prime factors of q?
17, 149
Suppose 0 = k + 3*y - 1404, 4*k + y + 1855 - 7438 = 0. List the prime factors of k.
3, 5, 31
Suppose -3*x = 5*h + 2*x, h - 5*x - 24 = 0. Suppose -107 = -2*r + 4*a + 73, -330 = -h*r - 2*a. List the prime factors of r.
2, 3, 7
Let g(q) = -26*q - 36. What are the prime factors of g(-16)?
2, 5, 19
Let j = -49 + 26. Let h = 46 + j. List the prime factors of h.
23
Let r = 48 - 44. Suppose r*f = -5*a + 239, 2*a - 157 = 3*f - 43. What are the prime factors of a?
3, 17
Let c(x) = 54*x**3 - 3*x**2 + x. Let b(k) = 54*k**3 - 4*k**2 + k. Let h(y) = -3*b(y) + 4*c(y). List the prime factors of h(1).
5, 11
Let w(i) = -i**3 - 3*i**2 + 4*i + 5. Suppose -8*f + 54 = -5*f. Suppose 3*u = 6 - f. List the prime factors of w(u).
5
Let s(h) = 8*h**2 - 7*h + 5. Let c(i) = i**3 + 17*i**2 - 14*i + 10. Let q(p) = 4*c(p) - 9*s(p). List the prime factors of q(2).
5
Let n(p) = 17*p - 2*p + 3*p + 14. Let u be n(-9). List the prime factors of 12/(-2)*u/12.
2, 37
Let k be 5380/6*(-9)/(-3). Let f be k/(-70) - 8/14. List the prime factors of f*(-2)/(-6)*-3.
3, 13
Let a(d) = d**3 - 3*d**2 + 43*d - 226. What are the prime factors of a(17)?
3, 37, 41
Let n = 80 + -206. Suppose -2*t + 2*s - 32 = 0, 5*t + 48 = 2*s - 20. What are the prime factors of (-4)/t*n/(-2)?
3, 7
Let l(u) = -u**3 + 29*u**2 + 16*u + 101. List the prime factors of l(26).
5, 509
Let a be -4 - -16*(2 + -3 - -3). Let p = a - -24. What are the prime factors of p?
2, 13
Let s be 0/(2/1) - -2. List the prime factors of 32 + (-8)/(s + -4).
2, 3
Let n(h) = -2*h**2 - 21*h - 22. Let g be n(-9). Suppose -g*m + 98 = -87. List the prime factors of m.
37
Let r = 2291 + -1574. List the prime factors of r.
3, 239
Let h(p) = -875*p + 488. List the prime factors of h(-4).
2, 997
Suppose 0 = 4*z + z - 105. Suppose 3*x + a - z = 0, 24 = 5*a + 9. What are the prime factors of (20/x)/(13/78)?
2, 5
Let s be 2/5 - 68/(-5). Suppose -3*u - s = -5*u. What are the prime factors of u?
7
Let p(k) = -k**3 - 4*k**2 + 11*k - 7. Let j be p(4). List the prime factors of 0 - 0 - j*2.
2, 7, 13
Suppose 6*f = -4*s + 3*f + 7578, f + 5690 = 3*s. What are the prime factors of s?
2, 3, 79
Let p be 14*(-3 + 30/3). Let v = p - -34. Suppose -4*k + q = -170, -v = -3*k + q + 2*q. List the prime factors of k.
2, 3, 7
Let s(r) = -38*r - 42. What are the prime factors of s(-10)?
2, 13
Suppose 281 + 54 = v - 4*b, 0 = v - 2*b - 341. List the prime factors of v.
347
Let m = 86 - 84. Suppose 0 = 2*i + 6, -m*q + i + 37 + 234 = 0. What are the prime factors of q?
2, 67
Let i(l) = -11*l + 34. Let f be i(-6). Let c(z) = 49*z - 1. Let k be c(-1). Let m = f + k. What are the prime factors of m?
2, 5
Let m(q) = 14*q**2 - 8*q**2 + 2 - 11 - 5*q**2 + 4*q. What are the prime factors of m(-10)?
3, 17
Suppose -2544 = -6*s - 558. What are the prime factors of s?
331
Suppose 5*o = 21 - 6. Let j be 49 + (-2)/(-6)*o. Suppose -2*h + 0*h - v = -52, 2*h = -2*v + j. What are the prime factors of h?
3
Let l = 1263 - 823. What are the prime factors of l?
2, 5, 11
Let o = -9674 - -14005. What are the prime factors of o?
61, 71
Let k be ((-7)/3)/((-13)/312). Let x be 258/14 - 24/k. Let h = x + -16. What are the prime factors of h?
2
What are the prime factors of ((-13745)/10 + -7)*2/(-3)?
3, 307
Let y = -989 + 2026. What are the prime factors of y?
17, 61
Suppose -2*b + 2 = -2*y, y + 7 = -3*y + 5*b. Suppose 2*g + y*x = 40, 6*g + x - 54 = 3*g. What are the prime factors of g?
17
Suppose -4459 = -7*f + 16051. List the prime factors of f.
2, 5, 293
Suppose -5*x - 12*x + 32385 = 0. List the prime factors of x.
3, 5, 127
Let q be 57/(-38) - (-173)/2. Let n = q + -48. List the prime factors of n.
37
Suppose -8*l + 10*l + 2*x = 7592, 4*l = -2*x + 15178. List the prime factors of l.
3793
Let q be -1*1*(-13)/(104/544). List the prime factors of 2*(-2 + q/8).
13
Suppose 3311 = 4*g + 3*g. List the prime factors of g.
11, 43
Let q = -11 + 21. List the prime factors of 12/q*(-165)/(-6).
3, 11
Let p(y) = 67*y**3 + 3*y**2 - y + 2. What are the prime factors of p(2)?
2, 137
Suppose 12672 + 35960 = 8*p. What are the prime factors of p?
6079
Let n(j) = -j**2 - 35*j - 9. Let c be n(-14). Let w = -196 + c. What are the prime factors of w?
89
Let u(r) = r**3 + 11*r**2 - r - 7. Let c be u(-11). Suppose -c*f + 222 = 3*h, 3*h = 6*h + 5*f - 225. What are the prime factors of h?
2, 5, 7
Let f = 4414 - 2794. List the prime factors of f.
2, 3, 5
Let g be 4/((-3)/(-15) - 0). Suppose -4*l = -f - 5, -18 = -3*l - 4*f - 0*f. Suppose -l*s + g + 6 = 0. What are the prime factors of s?
13
Let g = -314 - -360. List the prime factors of g.
2, 23
What are the prime factors of -6*(-4)/8 - (-231 + -1)?
5, 47
Let r = 31 - 23. Let l = -5 + r. Suppose 0*x = l*x - 63. List the prime factors of x.
3, 7
Suppose -8*p + 6*p + 48 = 0. Suppose -85 = -n - p. What are the prime factors of n?
61
Let z(u) = 20*u**2 + 2*u - 3. What are the prime factors of z(1)?
19
Let b(i) = -i**2 - 4*i + 21. Let r be b(0). What are the prime factors of ((-301)/r*-2)/(4/6)?
43
Suppose -2*b + 1097 = 5*d - 1988, 5*d - 4620 = -3*b. List the prime factors of b.
5, 307
Let g(a) = 32*a**2 + 3*a - 2. Let v be g(1). Let h = v - 20. What are the prime factors of h?
13
Let w = 1104 + -781. What are the prime factors of w?
17, 19
Suppose 5*w = -42 - 28. Let a be w/(-3)*144/(-28). What are the prime factors of (-12)/(-3) - 3 - a?
5
Suppose -3*l - 4*f = -17, 2*l + f + 4*f = 16. Suppose 4*v = 2*m + 204, 0 = -v - l*v + 4*m + 212. What are the prime factors of v?
7
Suppose -d + 0*d - 3*o + 18 = 0, 0 = -2*d - o + 11. Let q(s) = s**3 - 4*s**2 + 5*s + 1. List the prime factors of q(d).
7
Suppose 4*j + 3 = 5*j - 5*z, 2*j + 5*z - 6 = 0. Suppose 4*a = 3*w + 36, -j*a + 3 = 5*w + 5. Suppose n + 110 = a*n. List the prime factors of n.
2, 11
Let l be -1 - (-2)/(-4)*-6. Suppose s - 53 = -5*v, l*v - 13 = -4*s + 19. Let z = 36 + v. What are the prime factors of z?
2, 23
Suppose 4*v + 1479 = 9459. List the prime factors of v.
3, 5, 7, 19
Suppose 8571 = 24*j - 5757. List the prime factors of j.
3, 199
Suppose -16 = g - 43. Suppose 4*l - l = g. Suppose 70 = -l*w + 14*w. What are the prime factors of w?
2, 7
List the prime factors of ((-2)/3)/(101/(-28482)).
2, 47
Suppose 0 = 10*n + 1572 - 5102. List the prime factors of n.
353
Let k = -16 + 20. Suppose -15 = -k*t + 5. Suppose -3*c - 2*a + 67 = -0*a, -2*c = t*a - 41. List the prime factors of c.
23
Let r = 1758 + -602. What are the prime factors of r?
2, 17
Suppose -553*l = -560*l + 7875. List the prime factors of l.
3, 5
Suppose -2*q = -14 - 4. What are the prime factors of 2/(6/395) - 6/q?
131
Let h(u) = -u + 2. Let c be h(-7). Let f = 13 - c. Suppose 30 = f*i - 62. What are the prime factors of i?
23
Suppose -4*y = -7*m + 3*m + 24, -3*m = y - 10. What are the prime factors of (((-385)/y)/5)/(4/8)?
7, 11
Suppose 4*k + 0 + 4 = 0. Let t be (-2)/k + (-18 - 2). List the prime factors of 151/6 - (-3)/t.
5
Let n(a) = -a**3 + 13*a**2 + 19*a + 8. What are the prime factors of n(-8)?
2, 3, 5
Suppose -2864 = 3*l - 11*l. What are the prime factors of l?
2, 179
Suppose 10*d - 9031 = -2291. What are the prime factors of d?
2, 337
Let u(w) = 4*w**3 + 20*w**2 + 5*w + 24. Let i(n) = -5*n**3 - 19*n**2 - 5*n - 23. Let x(l) = -3*i(l) - 4*u(l). List the prime factors of x(-23).
2, 11
Suppose 22*y - 17*y - 209 = -3*k, 0 = 2*k - 4*y - 176. List the prime factors of k.
2, 3, 13
Let h be (-13 + 13)*2/(-4). Suppose 4*y + 16 = -h*y, -a + 4*y + 347 = 0. What are the prime factors of a?
331
Suppose r + 2 = -3*v + 27, -5*v - 15 = -4*r. What are the prime factors of 658/10 + 2/r?
2, 3, 11
Let m(p) = -2*p**2 - 40*p + 44. Let t be m(-21). Suppose t*b = -0*b + 3*z + 151, -2*b + 147 = z. What are the prime factors of b?
2, 37
Suppose x + 524 = 3*p, -2*p + 2*x + 338 = 7*x. What are the prime facto